-42 + -1 - (130 + (-220 - -84)).
-37
Evaluate 558144 + -558139 + (7 - -1) + -1 + 1.
13
-105 + 76 + 60 + 55 + 0
86
What is the value of (-2 + 0 + 79 - (101 + -84 + -11)) + -1?
70
0 - (25 + (-5 - -5)) - -18
-7
2 - 4 - ((7 - -1) + (-9 - (30 + -9)))
20
61 + 87 - 181 - (-8 - (1 + (0 - 2)))
-26
Evaluate 15 + (17 - 14 - -1) + 35.
54
Evaluate (86 + -20 - 16) + 45.
95
Evaluate (8 - 3 - (-13 - 8)) + 27.
53
Evaluate ((-4 - (10 - 4)) + 19 - 8) + -7.
-6
Calculate (4 - -24 - (10 - 9)) + 19 + -19.
27
150 + (-6 + 54 - 125)
73
What is the value of (-5 - (5 + -10)) + -763 + 744?
-19
What is 6 - (-5 + 13 + 3 + (-19 - -9) - -8)?
-3
What is the value of -5 + 6 + (65 - 72) + -10 - -50?
34
Calculate (20 - 51) + 44 - 36.
-23
Calculate (-5 - -14 - (-48 - -63)) + 78.
72
Evaluate 9 + (10 + 76 + 23 - (-1 - -9)).
110
-78 - 5 - (768 - 920)
69
Calculate 5 + 10 + -21 + -124 + (150 - 147).
-127
Calculate 53 - ((-10 - (2 - 26)) + -9 + -1).
49
What is (-11 - 34) + (196 - 91)?
60
What is the value of -73 + -9 + 143 + -77?
-16
What is the value of (10 + -12 - 1) + (4 - (10 - 29))?
20
What is (0 - 42) + -907 + 956?
7
-14 + 0 - (909 - 859 - (1 + 118))
55
-8 - (1 + 5 - ((-5 - (3 + -3)) + 11))
-8
What is the value of -1 + -3 + -10 + (22 - (16 + -2))?
-6
Calculate -28 - (29 + -11) - (9 - 0 - 7).
-48
(22 - (-14 + 34)) + (-5 - -10) + -1
6
What is the value of (-13 - -17 - 1 - 0) + -8 + 71?
66
What is (746 - 686) + (1 - 33)?
28
What is -43 + (61 - 20) + -34 - 17?
-53
What is (1 - 68) + -365 + 413?
-19
Evaluate -18 + (-13 + 42 - 26) - (-1 - -55).
-69
Evaluate 54 + -51 + -96 + 61.
-32
Calculate ((-9 - 13) + 17 - 33) + 22.
-16
What is the value of 25 + -3 - (-17 + -21 + 67)?
-7
Calculate 348 - 259 - (15 - (-6 - (-7 - -2) - -4)).
77
What is -66 + 7 + -9 - (8 - (-1 - -1 - -1))?
-75
Calculate (3 - (-17 - (1 + -11) - (1 - 1))) + 0.
10
What is 36 + (29 - (-6 + 31))?
40
What is 39 + (14 - -13 - 10) + -30?
26
10 + -6 - (-21 - -28 - 39)
36
Calculate 26 + (-6 - (-8 + (-12 - 21) + 21)).
40
-14 + (-89 + -16 + 8 - -13) + 5
-93
What is the value of 1 + -39 + 140 + -68?
34
2 + (-23 - 12 - -5)
-28
What is the value of -4 + -21 + (-12 - -23) + -12 - (-2 + -4)?
-20
Calculate (80 + -72 - (-1 + -6)) + 15.
30
Evaluate 339 + -355 + (1 + -1 - 20).
-36
Evaluate 86 - ((20 - 12) + -6 - (6 + 0 + 2)).
92
What is the value of -3 - (3 + 6 + -20 + 14 - 12)?
6
Calculate -45 + 37 - (-14 - -19) - 29.
-42
Evaluate 140 + (94 - 171) + 1 + 5 + 0.
69
What is the value of (3 + -2 - -46) + (0 - 16 - -10)?
41
What is 6 + (-12 - (15 + -9)) - (-65 + -8 + -1)?
62
What is 23 - 136 - (56 + -42 - (1 + 23))?
-103
What is 16 - (80 - (-2 + 26 + -8))?
-48
Evaluate (1 - 11) + (-17 - -13) + 9 + 45.
40
Calculate 11 + 20 - 3 - 32.
-4
What is the value of -179 + 203 + 31 + -131?
-76
What is the value of -24 + -7 - -40 - 10?
-1
Calculate -56 + 52 - (7 + 3 + -4) - -34.
24
What is -38 + 8 + 3 + 1 + -22 + 15?
-33
Calculate (132 - 73 - 73) + (3 - (5 - 1)) + 89.
74
What is the value of -44 - (-43 - -16) - (44 + 1 + -2)?
-60
1 - (0 + 38) - (-12696 - -12620)
39
-9 - -1 - ((15 - 10) + (61 - (7 - 5)))
-72
Calculate -5286 + 5282 + (-2 - 55).
-61
What is (16 - -39) + 6 + (138 - 126)?
73
Evaluate 38 + -86 + 73 + (-18 - -8).
15
What is 35 + 4 + (23 - 16) + -13 + -10?
23
What is (-8 + 4 + 6 - 89) + -24 + -5 + 31?
-85
(-1732 - -1756) + (-11 - 2)
11
What is the value of 40 - 4 - (-13 - -14) - (-290 + 271)?
54
What is the value of (-619 - -578) + (-1 + -1 + -3 - 3)?
-49
What is the value of 9 - (-30 - -29 - (-3 - 1)) - (3 + -4)?
7
What is -11 - (38 + (69 - 177))?
59
Calculate 1472 + -1334 - (93 + 4).
41
What is -32 - (42 - 38) - (1 + -5 + 5 + -4)?
-33
Evaluate (-56 - (16 + -8)) + 38.
-26
Evaluate (15 - -2) + (1012 - 1050).
-21
-14 + 0 + 0 - (-207 - -148 - -114)
-69
What is the value of (-22 - (1 - 4 - 13)) + 50?
44
What is the value of -14 + (235 - 247) + 1 + -13 + 12?
-26
Evaluate (-57 - -36) + 40 + 136 - (2 - -11).
142
What is -2 + -16 + -147 + 149 + -40 - -17?
-39
What is the value of (-1005 - -1005) + (17 - -1) + 14?
32
What is -1 + -9 + 7 + 11 + -11 + 18?
15
Evaluate 250 + (-11 - 191) - (-1 + -3).
52
Calculate (-5 - -21) + (-14 - (-2 - -35)).
-31
Calculate (0 - -2) + -729 + 741 - (-1 + 1 - 55).
69
54 + -37 + 9 + 27
53
(22 + 11 + 9 - 17) + -71
-46
Calculate -103 - (-36 + (-41 - -13)).
-39
Calculate (0 - 15) + (-60 - -81 - (-7 - -18)).
-5
What is the value of 7 + (0 - ((-159 - -147) + (-1 - -7)))?
13
What is 15 + 10 + (5 - 2) - (-5 + 18)?
15
What is (23848 - 23851) + 82 + 2 + (-1 - -4)?
84
What is the value of 21 + 10 + -16 + -13 + 12?
14
Evaluate 3 + 2 + ((2 - 39) + (15 - 19) - 0).
-36
Calculate 3708 + -3684 - (-1 + 41 + 3).
-19
Evaluate -11 + (9 - -4 - 16) + (-17 - -3).
-28
113 - -2 - (-1944 - -2003)
56
-58 - (10 + -19 + -4) - (3 + (-2 - 2))
-44
Calculate 1 - 6 - (-1 + 0 + 11 + (-1223 - -1228)).
-20
-8 + -1 - (-71 - (-61 + (57 - 85)))
-27
4 + 10 - ((-2 - (-15 + -1)) + (1633 - 1639))
6
Evaluate 1 - -6 - (0 + (13 - 17 - 15) + 4).
22
Calculate (-85 - -93 - (-1 + 4 - 42)) + -4.
43
Calculate (4 + 4 - (-2 - -5 - (3 - 12))) + -26.
-30
Calculate -226 + 162 - (27 - 24) - (9 + 0 + 1).
-77
What is (19 - -21) + (-2 - 1)?
37
Calculate (-2 - (0 - -1)) + 15 + -27 + 19.
4
Evaluate 119 + -83 + (16 - (-1 + 10) - 4).
39
Calculate (12 - -50) + 5 - 33.
34
Calculate 20602 + -20614 + (0 - 1) + 1 + 0.
-12
83 - (53 - -16 - -13)
1
What is (1 - -4) + -34 + 39 + (-84 - (4 + -8))?
-70
(65 - -3) + (18 - 1 - (44 + -29 - 11))
81
Calculate 2 + (6 + -14 - 2) - (118 + -46).
-80
What is 71 + -43 + 31 + -34?
25
(-6 - 7) + 31 + (-5 - 33)
-20
Calculate 0 + (-89 - (-10 - -17)) + -22 - 21.
-139
What is 14 - (-170 - -160 - (0 - 27))?
-3
Calculate -7 + -3 + -4 - (-1 + -12 + 12 + 75).
-88
What is the value of 65 - (-50 - -148) - (26 - -2)?
-61
(-9895 - -9984) + (23 - (-1 - 2))
115
Calculate -2 - (-87 + 3) - (75 + -31 - 46).
84
What is 13 - (-41 + -90 + 96)?
48
Evaluate (-17 - (-98 - -84) - (84 + -1)) + 3.
-83
Calculate -18268 - -18238 - (98 - 0).
-128
Evaluate 22 - 1 - (4860 + -4863).
24
What is the value of -14 + (56 + -16 - 50 - (-11 + -1)) - -97?
85
Calculate -12 + -36 + -1 - (3 + -18).
-34
(-41 - ((-13 + 10 - 13) + 6)) + 1
-30
-40 - (14 - (51 + -27)) - -1
-29
What is 11 + 1 + -38 + 15 + -9 + (1 - 4)?
-23
What is the value of 3 + 99 + (-74 - -37)?
65
What is 0 + 4 + -1 + -14 + -189 + 161 + 3?
-36
What is the value of -2 + -3 + -3 + 6 - (51 - (-48 + 57))?
-44
84 + -3 + (4399 - 4600)
-120
What is 5 + (19 - 17) - (2 - (11 + -17)) - 59?
-60
What is the value of -20 - (-9 + 9 + -139)?
119
What is the value of 57 - ((-74 - -49) + 52)?
30
What is the value of 36 - (-51 + 45) - (5 - (0 + -2))?
35
Evaluate 11 - (-7 + 5 + 60 + -87).
40
14 - (2 + -2 - (-27 + -40 + 82))
29
Calculate 18 + -18 + (13 - 17) + -1 + 25.
20
Calculate -6 + (-1 - (2 + -5)) + -162 + 156 + 48.
38
Evaluate -33 + 17 + (13 - (-45 - -5)) + -16.
21
Calculate -36 - (23 + -46 + (18 - 0)).
-31
(-1 - -64) + 26 + 16 + -33 + -29
43
What is the value of -103 - (0 + -16 + 0 - (-63 - -56) - -17)?
-111
What is 0 - ((0 - 2) + -24) - (9 + -6 + -3)?
26
56 + (-11 - -26) + 4 + (2 - (-5 - -20))
62
What is (0 - -6) + -11 + (-14 - 58) + 10 - -1?
-66
What is the value of (-44 - -126 - 10) + -38?
34
What is (-37 - (-3 + (-4 - 12)) - -3) + -30?
-45
Evaluate 23 + 8 + (29 - 8 - 7).
45
What is -45 - (-1 - (59 + -38))?
-23
Calculate 4 - (83 + -26 + -69).
16
Calculate 12 - (-33 - (-37 + -27)) - -2.
-17
-25 + (39 - (38 - 0))
-24
What is -9 - ((-22 - -35 - 34) + -13)?
25
What is 18 + 36 + -16 + 12 + -15 - (0 - -3)?
32
What is 28 - ((-18 - (-21 - 47)) + -28)?
6
Evaluate (2 + 13 - (-224 - -224)) + -38.
-23
Evaluate -28 + (56 + -17 - 72) - -35.
-26
What is the value of (1 - -86) + (23 - (-155 + 214))?
51
Evaluate (-19 - 11) + 18 + 102 + -20.
70
Calculate (55 - 150) + 91 - (-2 + (-3 - -2) - 70).
69
18 + 0 + 3 - (7 - -51)
-37
What is 0 - (59 + 24 + -46)?
-37
What is the value of -9 + -25 + 32 + (0 - 12) + -3?
-17
Evaluate 62 + (-11 - (21 - 16) - -5).
51
Evaluate -6 + 71 - (1181 + -1130).
14
What is 68 + -36 + (-30 - -26)?
28
What is -53 + 65 - ((-9 - (-16 - -13)) + -7)?
25
-70 + 120 + (34 - 97)
-13
Evaluate -39 - ((-48 - (-33 + 9)) + 38 + -18).
-35
(1 - ((-8 - -24 - 24 - 2) + 30)) + -12
-31
-79 - -121 - (6 - 0)
36
What is the value of -519 - -515 - (1 + -22) - 17?
0
Wha